base 8) to base 10.
9
What is -8 (base 12) in base 10?
-8
Convert 57 (base 11) to base 7.
116
Convert 1 (base 8) to base 16.
1
-1 (base 10) to base 16
-1
What is 1 (base 13) in base 10?
1
What is 7 (base 16) in base 5?
12
What is -2 (base 4) in base 12?
-2
-2a (base 12) to base 11
-31
Convert 7 (base 8) to base 10.
7
38 (base 11) to base 14
2d
What is -331 (base 4) in base 8?
-75
What is -32 (base 4) in base 3?
-112
What is -6 (base 15) in base 16?
-6
Convert -20 (base 5) to base 10.
-10
What is 11 (base 5) in base 11?
6
What is 8 (base 10) in base 9?
8
11 (base 2) to base 15
3
Convert -2a (base 13) to base 16.
-24
-426 (base 8) to base 15
-138
Convert 225 (base 11) to base 16.
10d
Convert 86 (base 13) to base 10.
110
Convert -1 (base 6) to base 4.
-1
-1 (base 16) to base 2
-1
83 (base 10) to base 5
313
Convert -115 (base 11) to base 3.
-12002
Convert -8 (base 11) to base 2.
-1000
What is -125 (base 10) in base 14?
-8d
Convert -30 (base 9) to base 16.
-1b
3 (base 12) to base 6
3
Convert -102110 (base 3) to base 15.
-159
What is 214 (base 9) in base 3?
20111
What is -10111101 (base 2) in base 8?
-275
a (base 11) to base 9
11
Convert -26 (base 14) to base 2.
-100010
Convert -121 (base 5) to base 14.
-28
Convert -4 (base 14) to base 3.
-11
Convert 5 (base 10) to base 13.
5
What is -12 (base 14) in base 2?
-10000
-164 (base 12) to base 6
-1004
Convert 84 (base 15) to base 13.
97
613 (base 7) to base 5
2204
Convert 27 (base 14) to base 5.
120
-88 (base 10) to base 13
-6a
Convert 124 (base 5) to base 13.
30
Convert -14c (base 14) to base 15.
-129
What is 26 (base 7) in base 3?
202
Convert 1010 (base 2) to base 14.
a
-1 (base 16) to base 15
-1
Convert -59 (base 12) to base 7.
-126
-5 (base 10) to base 7
-5
What is -3 (base 15) in base 7?
-3
What is 0 (base 16) in base 5?
0
-3 (base 7) to base 2
-11
-30 (base 4) to base 8
-14
Convert -30 (base 4) to base 6.
-20
Convert -2 (base 4) to base 6.
-2
What is -1a (base 12) in base 9?
-24
6 (base 13) to base 8
6
What is -183 (base 9) in base 2?
-10011100
-14 (base 15) to base 5
-34
What is -1 (base 4) in base 3?
-1
Convert 202 (base 4) to base 3.
1021
Convert -10 (base 6) to base 8.
-6
-1100011 (base 2) to base 14
-71
What is 30 (base 8) in base 3?
220
Convert 4 (base 5) to base 15.
4
Convert -114 (base 10) to base 9.
-136
-4 (base 10) to base 5
-4
-2 (base 6) to base 14
-2
-10 (base 12) to base 3
-110
Convert -1 (base 7) to base 3.
-1
Convert 4 (base 14) to base 11.
4
Convert -3 (base 8) to base 10.
-3
Convert 11101 (base 2) to base 3.
1002
What is 4 (base 14) in base 2?
100
95 (base 14) to base 6
335
Convert 100011 (base 2) to base 16.
23
Convert -3 (base 10) to base 12.
-3
Convert -11 (base 4) to base 5.
-10
Convert 42 (base 9) to base 8.
46
-31 (base 8) to base 6
-41
7b (base 12) to base 4
1133
Convert -111011 (base 2) to base 6.
-135
What is -232 (base 7) in base 10?
-121
What is -3 (base 7) in base 3?
-10
Convert -121 (base 7) to base 11.
-59
-1001 (base 4) to base 9
-72
What is 210 (base 7) in base 13?
81
Convert 1 (base 6) to base 10.
1
What is 5 (base 13) in base 2?
101
What is 1 (base 9) in base 3?
1
What is 11 (base 4) in base 6?
5
Convert -8 (base 11) to base 3.
-22
What is -3 (base 7) in base 13?
-3
What is 1 (base 10) in base 7?
1
Convert 193 (base 11) to base 2.
11011111
1 (base 5) to base 2
1
12 (base 9) to base 3
102
Convert 21 (base 14) to base 10.
29
-9 (base 16) to base 6
-13
Convert 0 (base 3) to base 13.
0
-4 (base 16) to base 7
-4
What is 3 (base 9) in base 15?
3
What is -20 (base 8) in base 2?
-10000
-340 (base 7) to base 2
-10101111
Convert -3 (base 6) to base 5.
-3
Convert -104 (base 5) to base 13.
-23
Convert 21 (base 15) to base 13.
25
Convert 101 (base 2) to base 4.
11
What is -9c (base 13) in base 15?
-89
33 (base 6) to base 2
10101
What is 8 (base 13) in base 9?
8
What is 1400 (base 5) in base 9?
270
11 (base 9) to base 5
20
0 (base 16) to base 8
0
What is -51 (base 8) in base 15?
-2b
2 (base 11) to base 8
2
Convert -222 (base 4) to base 8.
-52
-2a (base 13) to base 3
-1100
16 (base 14) to base 3
202
-2 (base 3) to base 14
-2
What is 0 (base 15) in base 11?
0
Convert -11 (base 9) to base 12.
-a
110 (base 2) to base 13
6
Convert -10 (base 9) to base 6.
-13
2 (base 6) to base 8
2
Convert 1 (base 3) to base 8.
1
-110 (base 2) to base 16
-6
Convert 3 (base 9) to base 7.
3
0 (base 12) to base 3
0
What is 44 (base 13) in base 16?
38
Convert 3 (base 16) to base 2.
11
What is 0 (base 15) in base 5?
0
21 (base 11) to base 14
19
0 (base 9) to base 8
0
223 (base 7) to base 14
83
What is 11 (base 2) in base 3?
10
What is -22 (base 13) in base 14?
-20
-1 (base 11) to base 7
-1
What is 9 (base 16) in base 6?
13
0 (base 9) to base 14
0
What is -1 (base 2) in base 14?
-1
140 (base 7) to base 12
65
Convert 34 (base 6) to base 9.
24
-105 (base 10) to base 11
-96
What is 51 (base 16) in base 4?
1101
Convert -22 (base 4) to base 16.
-a
1000 (base 2) to base 12
8
What is -5 (base 13) in base 3?
-12
-120 (base 4) to base 11
-22
What is -31 (base 5) in base 16?
-10
Convert 2 (base 8) to base 6.
2
Convert 10 (base 6) to base 8.
6
What is -10 (base 7) in base 3?
-21
Convert 170 (base 11) to base 5.
1243
Convert 0 (base 3) to base 16.
0
Convert 12 (base 6) to base 5.
13
50 (base 16) to base 6
212
-1 (base 3) to base 14
-1
Convert 40 (base 7) to base 12.
24
What is -22 (base 9) in base 16?
-14
23 (base 15) to base 13
27
Convert -5 (base 13) to base 4.
-11
Convert 44 (base 6) to base 13.
22
What is -6 (base 11) in base 6?
-10
100 (base 2) to base 7
4
-77 (base 10) to base 11
-70
What is -c7 (base 14) in base 15?
-ba
What is 3 (base 4) in base 9?
3
Convert -4 (base 10) to base 8.
-4
Convert 0 (base 14) to base 13.
0
What is a (base 16) in base 15?
a
What is 355 (base 10) in base 5?
2410
What is -101 (base 9) in base 14?
-5c
Convert -44 (base 13) to base 4.
-320
What is 10102 (base 4) in base 6?
1134
What is -14 (base 8) in base 10?
-12
What is -2 (base 9) in base 13?
-2
Convert 1 (base 4) to base 15.
1
30 (base 4) to base 5
22
What is 416 (base 7) in base 14?
10d
What is -11 (base 4) in base 11?
-5
Convert -9c (base 14) to base 2.
-10001010
What is 2 (base 10) in base 2?
10
Convert 168 (base 10) to base 15.
b3
Convert 0 (base 5) to base 15.
0
What is 5 (base 16) in base 2?
101
What is -1101 (base 2) in base 6?
-21
What is 0 (base 9) in base 14?
0
What is -26 (base 16) in base 2?
-100110
-3 (base 12) to base 15
-3
What is -4 (base 9) in base 8?
-4
Convert -110 (base 2) to base 3.
-20
Convert -101 (base 2) to base 16.
-5
What is 32 (base 6) in base 2?
10100
Convert -3 (base 13) to base 16.
-3
What is 61 (base 10) in base 8?
75
What is 1000 (base 2) in base 11?
8
Convert -40 (base 5) to base 10.
-20
Convert -6 (base 15) to base 5.
-11
-3 (base 6) to base 12
-3
-2 (base 9) to base 15
-2
What is 46 (base 11) in base 13?
3b
What is 8 (base 16) in base 5?
13
What is 14 (base 15) in base 8?
23
Convert -1 (base 6) to base 7.
-1
What is -11 (base 3) in base 2?
-100
Convert -303 (base 5) to base 16.
-4e
What is -10 (base 6) in base 2?
-110
Convert 1 (base 5) to base 2.
1
What is -3 (base 11) in base 10?
-3
Convert -10a (base 13) to base 9.
-218
What is 2 (base 14) in base 3?
2
Convert -21 (base 13) to base 4.
-123
Convert 48 (base 16) to base 2.
1001000
3 (base 8) to base 11
3
2 (base 14) to base 3
2
Convert 1100 (base 2) to base 4.
30
-2 (base 11) to base 9
-2
What is 1 (base 3) in base 10?
1
What is 10 (base 3) in base 7?
3
16 (base 8) to base 7
20
What is 4 (base 12) in base 7?
4
Convert 12 (base 12) to base 4.
32
What is 0 (base 13) in base 10?
0
What is 1111110 (base 2) in base 13?
99
What is 443 (base 9) in base 2?
101101011
What is 14 (base 12) in base 16?
10
What is -6 (base 14) in base 4?
-12
What is 1000101 (base 2) in base 4?
1011
24 (base 15) to base 4
202
4 (base 10) to base 9
4
What is -136 (base 7) in base 15?
-51
63 (base 15) to base 16
5d
1 (base 16) to base 14
1
b6 (base 12) to base 6
350
Convert 0 (base 12) to base 2.
0
-1 (base 2) to base 14
-1
What is -1 (base 13) in base 7?
-1
What is 10 (base 4) in base 11?
4
What is 3 (base 8) in base 13?
3
-d (base 14) to base 13
-10
Convert 0 (base 16) to base 9.
0
What is 4 (base 6) in base 3?
11
What is -106 (base 10) in base 15?
-71
105 (base 8) to ba